(m).
3
Let z(x) = -3*x + 2. Suppose -14 = -3*h + 4. Let d be ((-72)/(-54))/(4/h). Determine z(d).
-4
Let l = -87 + 92. Let s(g) = -3*g + 5. Let i(q) = 10*q - 16. Let t(j) = -2*i(j) - 7*s(j). Calculate t(l).
2
Suppose -2 = -2*l - 4*i, -4*i - 8 = l + i. Let s(p) = -2 - 5*p - 6 - p**2 + 6 + l. What is s(-6)?
-1
Let n(k) = 5*k**3 + k**2 + 8*k + 12. Let b(u) = -6*u**3 - 9*u - 14. Let d(q) = 4*b(q) + 5*n(q). What is d(-5)?
-16
Let n(f) = -2*f + 7. Let i(l) = -l - 3*l + 6*l - 3*l + 7. Let x(m) = 3*i(m) - 4*n(m). Calculate x(5).
18
Let g be 2*7/(28/8). Suppose -6*b = -11*b - 2*s, -5*b - 4*s = 0. Let k(x) = g*x + 7 + b*x - 2*x. Determine k(-6).
-5
Let f(x) = 22*x + 13. Let g(w) = -67*w - 37. Let m(p) = -17*f(p) - 6*g(p). Determine m(2).
57
Let j(p) = -p**3 - 12*p**2 + 6. Let h be 18/(((-495)/(-22))/(-15)). Give j(h).
6
Let a be (-17)/(-6) + 5/30. Let m(f) = a*f**2 + 57*f - 3 - 2*f**2 - 57*f. Give m(-3).
6
Let o(h) = 12*h**2 - 21*h**2 + 10*h**2 - h + 3*h. Determine o(-3).
3
Suppose 327 - 328 = m. Let q(x) = 27*x**3 - x**2 - x + 1. Give q(m).
-26
Let s(h) = 17*h**2 - 5*h - 6. Let l(j) = -16*j**2 + 4*j + 5. Let f(o) = -6*l(o) - 5*s(o). Let p(v) = -v**3 - 8*v**2 - 5*v + 13. Let c be p(-7). Calculate f(c).
10
Let m(g) = -g + 5. Let p be (-1)/5 - (-549)/45. Let f be (-1 + 1)*(p - 11). Suppose -2*y - 4*t + 4 = f, -y + 5 = -0*t + 5*t. Give m(y).
5
Let o be (2 - (4 + -4))*4/8. Let t(p) = 18*p. Calculate t(o).
18
Suppose 2*u + 6 = 5*j, 2*u - 19*j = -20*j - 6. Let q(i) = 3*i**2 + 5*i + 3. Calculate q(u).
15
Let u(o) = -2*o - o + 0*o. Suppose -4*f = n - 9, -11*n + 15*n + 2 = 3*f. Give u(f).
-6
Let z = 39 + -34. Suppose 4*a - 3*a - x = 14, z*x = 4*a - 55. Suppose -6*w = -a - 21. Let v(c) = -c**3 + 7*c**2 - 5*c - 5. Determine v(w).
1
Let k(p) = -2*p + 26. Let o(z) = -3*z + 38. Let u(c) = 7*k(c) - 5*o(c). Let x = 5 + -1. Determine u(x).
-4
Let s(o) = -o**3 + o - 2. Let k be 136/(-72) + 1/(-9). Calculate s(k).
4
Let i(t) be the second derivative of 6*t**3 + 3*t**2 - 20*t - 7*t**3 - t**2 - t**2. Calculate i(-3).
20
Let g = 6 + -4. Let s(a) = -g*a - a**3 + 5*a**2 - 15 + 2*a - 2*a + 21. Calculate s(4).
14
Let x(s) = s**2 + 5*s + 3. Let d be 3 + 1 - 1 - -24. Suppose -4*n + 7 = -k - 12, -3*k - d = 3*n. Let v = -13 - k. Determine x(v).
-3
Let j(w) = 1. Let i(u) = -u - 7. Let r = 18 + -10. Let k(z) = -z**3 + 7*z**2 + 8*z + 6. Let f be k(r). Let b(q) = f*j(q) + i(q). Give b(-2).
1
Let u(y) = -52*y - 3 - 43*y + 42 + 8 + 97*y. Give u(-21).
5
Let m(q) = 3*q**2 + 8*q - 3. Let n(c) = 11*c**2 + 26*c - 9. Let l(d) = 7*m(d) - 2*n(d). Give l(3).
0
Let h(s) be the third derivative of -s**6/20 - s**5/30 + s**4/24 - s**3/6 - 8*s**2. Calculate h(-2).
37
Let p = -267 + 253. Let m = -61 - -42. Let f = p - m. Let w(v) = v**3 - 5*v**2 - 3*v + 3. Calculate w(f).
-12
Suppose -7*q = -2*q. Let f(v) = q*v + 6*v - 3*v. What is f(4)?
12
Let o(l) = 7*l + 51. Let d = -633 - -626. Calculate o(d).
2
Let f(m) be the second derivative of m**4/12 + m**3/3 + m. Suppose 0 = -13*t - 25 + 64. What is f(t)?
15
Let z = -18 - -34. Let f be (3/(-12))/((-4)/z). Let v(r) = 7*r**3 - 1 + 2 - 3*r**3. Give v(f).
5
Let o(n) = n**2 + 9*n - 2. Suppose -5*w - 40 = -5*c, -5*c = 45 - 50. What is o(w)?
-16
Let h(k) = 0 + 6*k**3 + k**3 + 8*k - 3 + 4*k**2 - 8*k**3. Let g be h(5). Suppose -6*v = -2*v - g. Let r(d) = -d**2 + 5*d - 2. What is r(v)?
4
Let h(w) = 2*w**2 + 30*w + 25. Let x(s) = 3*s**2 + 44*s + 38. Let b(y) = 7*h(y) - 5*x(y). What is b(-7)?
6
Let b(d) = 0 - 1 - 7*d + 4*d. Let l(n) = n**3 - 13*n**2 + 21*n - 16. Let t be l(11). Let j be 21/t + 10/(-45). Calculate b(j).
2
Let c be ((-12)/30)/((-54)/45). Let h(v) be the first derivative of -v - v**2 - 4 - c*v**3. Give h(-2).
-1
Let u(b) be the third derivative of 9*b**4/8 - b**3/6 - 56*b**2 - 2. What is u(-1)?
-28
Let p(g) be the second derivative of g**6/180 - g**5/60 + g**4/24 - 2*g**3/3 - 20*g. Let t(r) be the second derivative of p(r). What is t(2)?
5
Let k(l) = -l**2 - l + 4. Suppose 16 + 14 = 3*y + 3*p, 16 = 4*p. Let v be 2 + -1 + y + -7. What is k(v)?
4
Suppose 12 = 5*l - 18. Suppose q = 2*q - l. Let n(i) = i + 5. Let v(a) = 1. Let s(t) = -n(t) + 5*v(t). Give s(q).
-6
Let t(h) be the third derivative of h**6/120 - h**5/15 - h**4/4 + h**3/3 - 69*h**2 + 2*h. Calculate t(5).
-3
Let x(l) = 8*l + 16. Let k be x(-2). Let v(c) = c**2 + 4*c + 9. Give v(k).
9
Suppose -25 = -13*y + 27. Let g(x) = 2*x. Give g(y).
8
Let v(j) = 6*j**2 + 6*j + 1. Suppose 5*q - 5 = -4*s, q + 3*s + 3 = 4*q. Let h(m) = -m**3 + m + 1. Let z(t) = q*h(t) + v(t). Give z(7).
2
Suppose 6*g - 12 = 9*g. Let q(c) be the first derivative of -1 - 5*c + 5/3*c**3 + 1/4*c**4 + 2*c**2. Determine q(g).
-5
Let n = 2 + 2. Let w = -10 - -14. Let z(g) = -2 + g**2 - 2*g + g**3 + 1 - 4 - w*g**2. Calculate z(n).
3
Let p(x) be the first derivative of 0*x + 7/2*x**2 - 1/8*x**4 + 12 + 7/6*x**3. Let y(d) be the second derivative of p(d). Calculate y(5).
-8
Suppose 12*t + 13*t + 4*t - 116 = 0. Let b(f) = -5*f**3 - 10*f**2 + 7*f - 1. Let d(c) = 2*c**3 + 3*c**2 - 2*c. Let i(u) = -3*b(u) - 8*d(u). Determine i(t).
15
Let o(n) = 6*n - 4. Suppose 11*d - 13*d - 19 = -5*r, -5*r = d - 13. Calculate o(r).
14
Let h(m) = 2 - m + 0*m - 2*m. Suppose 0 = 4*a - 5 - 15. Suppose -2*u = -a*n + 6, 2*n + u - 3 - 3 = 0. What is h(n)?
-4
Let f(a) be the third derivative of a**6/120 - a**5/6 + 7*a**3/6 + 775*a**2. Let p be 144/14 + 4/(-14). Calculate f(p).
7
Let s(t) = -2*t**2 + 1. Let n(f) = -f - 5. Let q = -24 - -42. Suppose 2*c = 4*m + 16, -3*c - 18 = 4*m + q. Let b be n(m). Calculate s(b).
-1
Let j = 57 - 38. Let y = -15 + j. Let r(u) = -2*u**2 + 6*u - 4. What is r(y)?
-12
Let m(y) be the first derivative of -y**4/4 + 7*y**3/3 - 3*y**2 - 2*y - 411. Give m(7).
-44
Let m(g) = -6*g**2 - g - 4*g - 2*g + 2 + g**3. Let y = 670 - 663. Calculate m(y).
2
Let o(m) = m**2 + m - 2. Let y be o(12). Let g(b) = -y + b + 154. What is g(2)?
2
Let n = 6 - 11. Let u(w) be the second derivative of w**5/20 + w**4/3 - 5*w**3/6 + 3*w**2 + 7*w - 11. Determine u(n).
6
Let c be (-40)/(-5) - (2 - 3). Let b(y) = 9 - c*y + 25*y - 15*y. Calculate b(-4).
5
Let r(f) = -8 + 3*f - 7*f + 1 + 3*f. Suppose 9*q = 37*q + 168. What is r(q)?
-1
Suppose 4*l + 4*t = -12, 6*l + 2 = 5*l - 2*t. Let b(i) = -i**2 - 7*i + 1. Give b(l).
13
Let l(a) = -a + 6. Let j be l(5). Let i be 2/(-1 - (j - 3)). Let g(y) = 7*y - 7 + y**2 - 2*y**2 + 0*y**i. Give g(6).
-1
Let s(v) = v**2 - 10*v. Suppose -4*j + 5*g - 41 = 0, 5*g + 5 = 2*j + 28. Let c be -4 + 39*(-3)/j. Calculate s(c).
-9
Let o(z) = 3*z + 2. Let q(l) = 2*l + 15. Let h be q(-12). Let n = h - -9. Suppose 5*b - t = -1 - 5, 3*t + 12 = n. What is o(b)?
-4
Suppose 3*l + 8 = 17. Let b = 1 + 1. Let w(d) = -d + 3 - 1 + d**2 - d**3 + 4*d + d**b. What is w(l)?
2
Let k(s) = -s**3 + s**2 + s - 9. Let a(y) = 3*y - 26. Let l be a(8). Let m(o) = -o**2 + 6*o + 16. Let x be m(l). What is k(x)?
-9
Let d(m) = -m**3 + 11*m**2 + m - 9. Let y = 13 - -33. Suppose 0 = 44*v - y*v + 22. Calculate d(v).
2
Let c = -6 - -1. Let x(k) = -2*k**2 - 2 - 1986*k - 1 + 982*k + 996*k. Determine x(c).
-13
Let k(b) be the third derivative of b**6/120 + b**5/20 - b**4/24 - 5*b**3/3 + b**2 + 330. Calculate k(-3).
-7
Let g(z) = -5*z**3 - z**2. Let n be g(-1). Let a(x) = -x**3 - n*x**2 - 6 - 2*x + 13 + 7*x. Let v = 453 - 458. What is a(v)?
7
Suppose 4*h + 8*y = 3*y - 48, 2*y = 5*h + 27. Let w(f) be the second derivative of -f**2 + f + 0 - 1/3*f**3. Calculate w(h).
12
Let g = 228 - 260. Suppose -116 = 4*a + 8. Let l = g - a. Let n(i) = 11*i + 1. Calculate n(l).
-10
Let q(a) = a**2 - 3*a. Let y(z) = 20 - 4*z - 2*z + 5*z - z. Let j be y(8). Let k be q(j). Let s(l) = l**2 - 9*l + 4. Calculate s(k).
-16
Let p(w) = 3*w + 5. Suppose -35 = -3*r - 2*r - 5*j, 3*j - 9 = 0. Suppose -2*f - 18 = 4*f. Let d(x) = 3*x + 6. Let k(a) = f*d(a) + r*p(a). What is k(-2)?
-4
Let m(p) = p**3 - 2*p**2 - 3*p - 1. Let v be m(-1). Let j = -2 + v. Let a(q) = -q - 4. Determine a(j).
-1
Let s = 206 - 111. Let n(z) = -4 - s*z**3 + z + 0 - 3*z**2 + 94*z**3 + 0. Determine n(-3).
-7
Let h(j) = -6 + 30 + 5*j**2 - 23 - j**2 - j. Determine h(3).
34
Let c(d) = -3*d**2 + 4*d + 3. Let p(q) = -q**2 + q + 1. Let a(x) = -3*c(x) + 8*p(x). Suppose -k - 17 = -11. Let u be (-9)/k*(-8)/(-6). Give a(u).
-5
Suppose -s - 50 = -6*s. Supp